20
In base 7, what is 160 + -14353134?
-14352644
In base 15, what is -195bc3 - -48?
-195b7a
In base 9, what is -4 + 10768555?
10768551
In base 11, what is -649131 - 4a?
-649180
In base 6, what is -12 + 1154304?
1154252
In base 8, what is -47454145 + -2?
-47454147
In base 14, what is -cc9b7 - -14d?
-cc868
In base 2, what is -10011 - 101000111001001110101101?
-101000111001001111000000
In base 2, what is -1010101010111011110110100 - 1?
-1010101010111011110110101
In base 11, what is -59756 + -156?
-59901
In base 5, what is -23223 + 13430300?
13402022
In base 8, what is 7441626 - -1?
7441627
In base 10, what is -169249715 + -4?
-169249719
In base 12, what is -3 + -16457431?
-16457434
In base 14, what is -2 + d3714b7?
d3714b5
In base 10, what is 183 + -139514?
-139331
In base 6, what is -1414 - 1300055?
-1301513
In base 15, what is 43865 + 1b?
43881
In base 2, what is -111001011100000001100 - 10101?
-111001011100000100001
In base 10, what is -23418453 - 2?
-23418455
In base 16, what is 41c - -6592?
69ae
In base 7, what is -31056 + 113623?
52534
In base 13, what is -12 + 3815b?
38149
In base 15, what is 9e452a3 + 4?
9e452a7
In base 3, what is 111 + 221110011201?
221110012012
In base 16, what is -1 - -108cdd76?
108cdd75
In base 6, what is 2 - 135205132?
-135205130
In base 12, what is -181 + -57aa1b?
-57aba0
In base 3, what is -21102112 + -10222010120?
-11020120002
In base 8, what is 2012321 - -5?
2012326
In base 8, what is -114 - 24745?
-25061
In base 14, what is -6 + 205627?
205621
In base 10, what is 0 + 117323074?
117323074
In base 6, what is 1033213 + -4503?
1024310
In base 12, what is 2 - 8234691?
-823468b
In base 14, what is -19 + -a8d86a?
-a8d885
In base 5, what is 220242004 - -1431?
220243440
In base 13, what is -27 - 186457?
-186481
In base 12, what is b + 31bb968?
31bb977
In base 4, what is -13030 + -20101221?
-20120311
In base 5, what is -24221 + -22304?
-102030
In base 3, what is -22012 + -102121000020?
-102121022102
In base 3, what is 2201000 - 2101212?
22011
In base 5, what is 120114014 - 410?
120113104
In base 11, what is -266 + -12541?
-127a7
In base 8, what is 210752567 - 2?
210752565
In base 8, what is 13774024222 - -5?
13774024227
In base 12, what is -2149 - 16635b?
-1684a8
In base 16, what is 3 + 1bc09e?
1bc0a1
In base 7, what is 2 - 11311210?
-11311205
In base 11, what is -7 + 156a?
1563
In base 15, what is 1de064 + 2?
1de066
In base 4, what is -2023021 - 230211?
-2313232
In base 12, what is 0 + -11145b1a?
-11145b1a
In base 10, what is -26 + 16098311?
16098285
In base 13, what is -19c7a6 + -6b?
-19c844
In base 7, what is 363633 - 462?
363141
In base 2, what is 10001110111111000011011 + 0?
10001110111111000011011
In base 9, what is 85233 + 508?
85742
In base 6, what is 1053 + -403311?
-402214
In base 16, what is -4ff3022d - 1?
-4ff3022e
In base 15, what is 5a60 + -d99?
4bb6
In base 3, what is 12020021101 - -21?
12020021122
In base 4, what is -10103303311 - -211?
-10103303100
In base 15, what is 7c + 8a6d?
8aea
In base 8, what is -3 + -62320446?
-62320451
In base 6, what is 33 - 21313332?
-21313255
In base 12, what is 3 - -ba1699?
ba16a0
In base 14, what is -1 + -2467a49?
-2467a4a
In base 12, what is 631211 + 4?
631215
In base 10, what is 27863 - -60?
27923
In base 10, what is -74 + -147?
-221
In base 14, what is b - 3295b7?
-3295aa
In base 4, what is 10030103211 - -12?
10030103223
In base 8, what is 2501 + 34152?
36653
In base 2, what is 0 - -10010000110111111101000010?
10010000110111111101000010
In base 13, what is 1a94b13 + -3b?
1a94aa5
In base 5, what is -13101 + -3024241?
-3042342
In base 12, what is 156 - 1319738?
-13195a2
In base 9, what is 27022026 + 1?
27022027
In base 13, what is -28 + -3c644?
-3c66c
In base 7, what is -536 + 41321143?
41320304
In base 3, what is -22220 + -2000200011202?
-2000200111122
In base 5, what is 1132 - 21010144?
-21004012
In base 2, what is 1000111100001101011010100 - 101?
1000111100001101011001111
In base 16, what is a734 + -64?
a6d0
In base 12, what is 397 + -33697?
-33300
In base 2, what is 10110110101001101 + -11100111?
10110110001100110
In base 2, what is 10 + -1010001101001110100?
-1010001101001110010
In base 7, what is -14 + 2204?
2160
In base 11, what is -2424 - -190?
-2244
In base 14, what is -539c164 - 2?
-539c166
In base 3, what is -1000222111 + 1010022?
-222212012
In base 4, what is -12 + 1030132130?
1030132112
In base 13, what is -14 + -10082b8?
-10082cc
In base 4, what is -111331332221 + -11?
-111331332232
In base 4, what is 310 - -112231323?
112232233
In base 6, what is -30420 - -305505?
235045
In base 14, what is -c + -7bcbc7?
-7bcbd5
In base 13, what is 38a2b - 30?
389cb
In base 9, what is -2732428 + 247?
-2732171
In base 10, what is -79197892 + 2?
-79197890
In base 8, what is -52447 - -337?
-52110
In base 10, what is -136 + 151183?
151047
In base 15, what is 12b5792 + 1?
12b5793
In base 6, what is -30552435 - 1220?
-30554055
In base 3, what is 22121022001222202 - -10?
22121022001222212
In base 7, what is -113025 - -2012?
-111013
In base 11, what is -7 - -687106a7?
687106a0
In base 10, what is 33 + -226411?
-226378
In base 7, what is -1324500 - -606?
-1323561
In base 7, what is -100556 + 422?
-100134
In base 13, what is -4 - -18b2a08?
18b2a04
In base 15, what is 5022b + 1d5?
50411
In base 10, what is 4 - 52028799?
-52028795
In base 5, what is 103423 + 412221?
1021144
In base 15, what is 6539 - -5b?
6595
In base 12, what is -8 - 18097149?
-18097155
In base 8, what is 4 - 12267654?
-12267650
In base 11, what is 3402757 + 5?
3402761
In base 15, what is -2169b - -43?
-21658
In base 14, what is a6 - -1c248?
1c310
In base 9, what is -478158 + -234?
-478403
In base 8, what is 6 + 27302606?
27302614
In base 16, what is -18 + -dd634f?
-dd6367
In base 4, what is 10 + -10221030230?
-10221030220
In base 8, what is -10771256 + 6?
-10771250
In base 16, what is 2 - 2219e86?
-2219e84
In base 16, what is -138356f - -6?
-1383569
In base 16, what is 845f7f + 1d?
845f9c
In base 12, what is 2a425b7 + -4?
2a425b3
In base 8, what is -520 + -54365?
-55105
In base 12, what is -234 - -6115a?
60b26
In base 3, what is -10221001221202221 + -2?
-10221001221210000
In base 8, what is 15 - -165422?
165437
In base 9, what is 1444 + -231366?
-228822
In base 3, what is 20 - -10110002221111020?
10110002221111110
In base 11, what is 4 - 244128?
-244124
In base 14, what is 7c87a + -2a2?
7c5b8
In base 8, what is 322 - -275766?
276310
In base 7, what is -24026362 - -13?
-24026346
In base 16, what is 6ccf5 + -d0?
6cc25
In base 2, what is -10011111 - -110110000110?
110011100111
In base 7, what is 301316 + 23305?
324624
In base 16, what is fd2e + -239?
faf5
In base 15, what is 382dca - -1?
382dcb
In base 14, what is -375a7 + 355?
-37252
In base 5, what is 0 + -40400013032?
-40400013032
In base 16, what is 53ed - -38?
5425
In base 5, what is 223412 - -232324?
1011241
In base 6, what is -2455 + 1313?
-1142
In base 14, what is -c + -13dc818?
-13dc826
In base 11, what is 60a5 + 12614?
18709
In base 7, what is -252006643 + 5?
-252006635
In base 13, what is 16b925 + 6a?
16b992
In base 10, what is -843366 - 4?
-843370
In base 7, what is 1164652 + -22516?
1142133
In base 6, what is 1042544 + 2453?
1045441
In base 15, what is 3 + 132308?
13230b
In base 5, what is -3222144 - -34003?
-3133141
In base 12, what is 10b92 - 8355?
4839
In base 10, what is -2 + -40693800?
-40693802
In base 5, what is -10 - 113430202100?
-113430202110
In base 16, what is -33e9c6 + 7?
-33e9bf
In base 5, what is 0 + -42231232213?
-42231232213
In base 6, what is -34324343452 - -2?
-34324343450
In base 5, what is 0 - 10141132424?
-10141132424
In base 4, what is -3232003 + 202102?
-3023301
In base 7, what is 3205062 + 22?
3205114
In base 5, what is -1130033204 - 21?
-1130033230
In base 12, what is -101068 - -495?
-100793
In base 14, what is -2 - 21b7001?
-21b7003
In base 2, what is 10000011100110101011 - 10011?
10000011100110011000
In base 12, what is -a145 - aaa?
-b033
In base 4, what is 20333 - 3113223132?
-3113202133
In base 2, what is -110110001100101000101100 - -100?
-110110001100101000101000
In base 13, what is -944602 + -2?
-944604
In base 9, what is 4753 + -8377?
-3524
In base 15, what is -c76d2 - 17d?
-c7860
In base 6, what is 353122 - -425?
353551
